{"version":"1.0","provider_name":"SarajevoFest.com","provider_url":"https:\/\/sarajevofest.com\/en\/","author_name":"editor","author_url":"https:\/\/sarajevofest.com\/en\/author\/editor\/","title":"Arijana Sara\u010devi\u0107 Hela\u0107 - SarajevoFest.com","type":"rich","width":600,"height":338,"html":"<blockquote class=\"wp-embedded-content\" data-secret=\"vpQM1cp9i7\"><a href=\"https:\/\/sarajevofest.com\/en\/participants-archive\/arijana-saracevic-helac\/\">Arijana Sara\u010devi\u0107 Hela\u0107<\/a><\/blockquote><iframe sandbox=\"allow-scripts\" security=\"restricted\" src=\"https:\/\/sarajevofest.com\/en\/participants-archive\/arijana-saracevic-helac\/embed\/#?secret=vpQM1cp9i7\" width=\"600\" height=\"338\" title=\"&#8220;Arijana Sara\u010devi\u0107 Hela\u0107&#8221; &#8212; SarajevoFest.com\" data-secret=\"vpQM1cp9i7\" frameborder=\"0\" marginwidth=\"0\" marginheight=\"0\" scrolling=\"no\" class=\"wp-embedded-content\"><\/iframe><script>\n\/*! This file is auto-generated *\/\n!function(d,l){\"use strict\";l.querySelector&&d.addEventListener&&\"undefined\"!=typeof URL&&(d.wp=d.wp||{},d.wp.receiveEmbedMessage||(d.wp.receiveEmbedMessage=function(e){var t=e.data;if((t||t.secret||t.message||t.value)&&!\/[^a-zA-Z0-9]\/.test(t.secret)){for(var s,r,n,a=l.querySelectorAll('iframe[data-secret=\"'+t.secret+'\"]'),o=l.querySelectorAll('blockquote[data-secret=\"'+t.secret+'\"]'),c=new RegExp(\"^https?:$\",\"i\"),i=0;i<o.length;i++)o[i].style.display=\"none\";for(i=0;i<a.length;i++)s=a[i],e.source===s.contentWindow&&(s.removeAttribute(\"style\"),\"height\"===t.message?(1e3<(r=parseInt(t.value,10))?r=1e3:~~r<200&&(r=200),s.height=r):\"link\"===t.message&&(r=new URL(s.getAttribute(\"src\")),n=new URL(t.value),c.test(n.protocol))&&n.host===r.host&&l.activeElement===s&&(d.top.location.href=t.value))}},d.addEventListener(\"message\",d.wp.receiveEmbedMessage,!1),l.addEventListener(\"DOMContentLoaded\",function(){for(var e,t,s=l.querySelectorAll(\"iframe.wp-embedded-content\"),r=0;r<s.length;r++)(t=(e=s[r]).getAttribute(\"data-secret\"))||(t=Math.random().toString(36).substring(2,12),e.src+=\"#?secret=\"+t,e.setAttribute(\"data-secret\",t)),e.contentWindow.postMessage({message:\"ready\",secret:t},\"*\")},!1)))}(window,document);\n<\/script>\n","thumbnail_url":"https:\/\/sarajevofest.com\/app\/uploads\/2019\/11\/arijana-saracevic.jpg","thumbnail_width":1920,"thumbnail_height":1920,"description":"Long-term journalist and editor in the Informative and Documentary Programme of FTV, had also worked as reporter during the war. Over the thirty years of her professional work in journalism, she was awarded the highest domestic and foreign awards, such as the Courage in Journalism Award (IMWF) in 1993 in New York. She has made &hellip; Continued"}

Arijana Saračević Helać - SarajevoFest.com

<blockquote class="wp-embedded-content" data-secret="vpQM1cp9i7"><a href="https://sarajevofest.com/en/participants-archive/arijana-saracevic-helac/">Arijana Saračević Helać</a></blockquote><iframe sandbox="allow-scripts" security="restricted" src="https://sarajevofest.com/en/participants-archive/arijana-saracevic-helac/embed/#?secret=vpQM1cp9i7" width="600" height="338" title="&#8220;Arijana Saračević Helać&#8221; &#8212; SarajevoFest.com" data-secret="vpQM1cp9i7" frameborder="0" marginwidth="0" marginheight="0" scrolling="no" class="wp-embedded-content"></iframe><script>
/*! This file is auto-generated */
!function(d,l){"use strict";l.querySelector&&d.addEventListener&&"undefined"!=typeof URL&&(d.wp=d.wp||{},d.wp.receiveEmbedMessage||(d.wp.receiveEmbedMessage=function(e){var t=e.data;if((t||t.secret||t.message||t.value)&&!/[^a-zA-Z0-9]/.test(t.secret)){for(var s,r,n,a=l.querySelectorAll('iframe[data-secret="'+t.secret+'"]'),o=l.querySelectorAll('blockquote[data-secret="'+t.secret+'"]'),c=new RegExp("^https?:$","i"),i=0;i<o.length;i++)o[i].style.display="none";for(i=0;i<a.length;i++)s=a[i],e.source===s.contentWindow&&(s.removeAttribute("style"),"height"===t.message?(1e3<(r=parseInt(t.value,10))?r=1e3:~~r<200&&(r=200),s.height=r):"link"===t.message&&(r=new URL(s.getAttribute("src")),n=new URL(t.value),c.test(n.protocol))&&n.host===r.host&&l.activeElement===s&&(d.top.location.href=t.value))}},d.addEventListener("message",d.wp.receiveEmbedMessage,!1),l.addEventListener("DOMContentLoaded",function(){for(var e,t,s=l.querySelectorAll("iframe.wp-embedded-content"),r=0;r<s.length;r++)(t=(e=s[r]).getAttribute("data-secret"))||(t=Math.random().toString(36).substring(2,12),e.src+="#?secret="+t,e.setAttribute("data-secret",t)),e.contentWindow.postMessage({message:"ready",secret:t},"*")},!1)))}(window,document);
</script>
